e s(-9). Suppose -2*r = z*r - 20. What is the units digit of r?
4
Let u be 2/(-4) + (-98)/4. Let k = u + 58. What is the tens digit of k?
3
Suppose -27*m = -31*m + 1016. What is the tens digit of m?
5
Let q(l) = 2*l - 2. Let v(z) = 2*z - 3. Let n(x) = 5*q(x) - 4*v(x). What is the units digit of n(5)?
2
Let l be 3*(-1)/((-3)/(-2)). Let w = -30 - -28. What is the units digit of (w/4)/(1/l)?
1
Let u(w) = -6*w - 21. What is the tens digit of u(-9)?
3
Suppose 0*s = 5*s + 5, 5*z + 3*s = 327. Suppose -5*n - 5 = -t, z = 2*t - n + 5*n. What is the tens digit of t?
2
What is the units digit of (3/9)/(-1) + (-1182)/(-9)?
1
Let u(k) = -3*k - 1. Let q(f) = f**2 + 5*f + 3. Let x be q(-4). What is the units digit of u(x)?
2
Suppose 5*g + 108 - 853 = 0. What is the hundreds digit of g?
1
Suppose 2*y = 1 + 1, 3*h + 17 = 2*y. Let c = h + 10. Suppose 3*j + 48 = c*v - 3, 0 = -5*v - 4*j + 72. What is the units digit of v?
2
Let a = -9 + -28. Let p = 52 + a. What is the tens digit of p?
1
Let f(n) = 8*n + 3. Suppose -3*c + 2*k + 14 = 0, -c + 0*c + 2*k = -10. What is the units digit of f(c)?
9
Suppose 6*j - 2*j - 88 = p, 3*p + 12 = 0. Let a be ((-36)/14)/((-3)/j). What is the tens digit of a - (2 - (-3 - -3))?
1
Let w = 6 - 4. What is the units digit of 6/w*(-12)/(-18)?
2
What is the tens digit of 307/6 + 16/(-96)?
5
Suppose -345 = -6*v + v. What is the tens digit of v?
6
Let h be (-498)/54 - 2/(-9). Let g be 6/h*21*1. What is the tens digit of (-186)/g - 4/14?
1
Let w(u) = -u**3 - u - 2. Suppose b - 9 - 1 = 3*c, 4 = -4*b + c. What is the units digit of w(b)?
8
Let v = 1 + -16. Let p = 30 + v. What is the units digit of p?
5
Let c be (-2)/(-5) + 530/50. Let d = c + -7. What is the units digit of d?
4
Let c be -3*(3 + 41/3). Let q = c - -80. What is the tens digit of q?
3
Let a(v) = -v - 4. Let y be a(-6). What is the tens digit of -5 - -4 - (-52)/y?
2
Let i(m) = 17*m - 2. Let w be i(2). Suppose 10*k = 5*k + 20, w = 4*o + k. What is the units digit of o?
7
Suppose 3*p = -3*h + 4*h, -2*h = 5*p. Suppose h = -3*o + 127 + 98. Suppose o = 4*i + i. What is the units digit of i?
5
Let s = 970 - 631. What is the tens digit of s?
3
Let a be 2 + -4 + (2 - -2). Let d(k) be the first derivative of k**4/4 + k**2/2 - 2*k - 8. What is the units digit of d(a)?
8
Let g = -1 + 3. Let p be 39/6 + 1/(-2). What is the units digit of 56/p*3/g?
4
Let o(z) = 9*z - 23. What is the units digit of o(15)?
2
Suppose -193 = -5*o + 42. Suppose -o - 13 = -5*t. What is the units digit of t?
2
Suppose 12*f - 36 = 9*f. What is the tens digit of f?
1
Let v = 156 - 257. Let f = -63 - v. What is the units digit of f?
8
Let g = 159 + 100. What is the hundreds digit of g?
2
Suppose -f - 4*f - 30 = 0. Let b be (f/4)/(18/48). Let n = 7 + b. What is the units digit of n?
3
Let r = 4 + -7. Let l = r + 18. What is the units digit of l?
5
Let t(k) = -k - 4. Let c be t(-4). Suppose c*p + p = 59. Let z = p + -42. What is the units digit of z?
7
Suppose 3*o = -2*p + 4, 5*o = p - 2 - 0. Suppose -l - 3 = -o*l. Let f(u) = -u**3 - 3*u**2 - 3*u + 1. What is the tens digit of f(l)?
1
Suppose -w = -5*s, 104 = -0*w - 5*w - s. Let f = 31 + w. What is the units digit of f?
1
Suppose 15 = 3*z + 3*a, -4 = z + z - 5*a. Suppose 2*v - 60 = -4*b, 0*v + 4*b - 80 = -z*v. What is the tens digit of v?
2
Let w(u) = u**2 + 5*u + 5. Let z be 210/25 + 2/(-5). Suppose z = -g - g. What is the units digit of w(g)?
1
Let u be (-10)/(-25)*1*5. Suppose 0*n - 3*p + 25 = u*n, 3*n - p - 10 = 0. Suppose 5*o = -3*y + 10, -5*o = n*y - 26 - 4. What is the tens digit of y?
1
Suppose -2*z + 4 = -3*z, -3*g + 20 = -2*z. Let i = 21 + g. What is the tens digit of i?
2
Let h = 33 + -5. What is the units digit of h?
8
Let o(x) = x**3 - 3*x**2 - 4. Let k be o(4). Suppose -14 = -s + k. What is the tens digit of s?
2
Let w(t) = t**3 + 13*t**2 + 10*t - 9. What is the tens digit of w(-12)?
1
Suppose 22 = -2*q - 20. Let y = q + 32. What is the units digit of y?
1
Suppose -2*z - r = -3, 3*r = -0*z - z + 4. What is the units digit of z?
1
Suppose 4*k - 2*k - 110 = 0. What is the tens digit of k?
5
Let o(f) = f - f**3 - 2*f - 2 + 12. Suppose -2*d = -0*d - l + 5, -3*d - 15 = -3*l. What is the tens digit of o(d)?
1
What is the units digit of -1 + 57 - (-30)/15?
8
Let m(w) = 54*w + 2. What is the tens digit of m(1)?
5
Let t(m) = -m**3 + 3*m**2 - 1. Suppose -9 - 1 = -5*l. What is the units digit of t(l)?
3
Let q(a) = -a**3 + 20*a**2 + 49*a + 48. What is the units digit of q(22)?
8
Suppose 0 = -4*g - g - 235. Let n = -28 - g. What is the tens digit of n?
1
Let t = 4 + -2. Let k(j) = t*j**2 + 1 - 1 + 2*j - j**2 - j**3. What is the units digit of k(-2)?
8
Suppose -4*p = -2*d - 24 - 8, -p - 2 = -3*d. Let c(u) be the first derivative of -u**3/3 + 11*u**2/2 - 2*u - 1. What is the units digit of c(p)?
8
Suppose -2*q = 4, 2*p - 2*q - 39 = -3*p. What is the units digit of p?
7
Let p(m) = -m**2 - 9*m + 4. Let i be p(-9). Suppose 3*u - u - i = 0. What is the units digit of u?
2
Let u = 17 - 1. Suppose -g + u = g. Suppose 3*n - 32 + g = 0. What is the units digit of n?
8
What is the units digit of (-1)/2 - (-342)/4?
5
Suppose -2*z + 2*s = 4*s - 8, -s + 4 = 0. Let d(o) = 4*o**2 + 10*o**2 - 13*o**2 - o + 16. What is the units digit of d(z)?
6
Suppose 3*r + r = 5*c + 124, 3*r = -c - 40. Let f = 9 - c. What is the tens digit of f?
3
Suppose -f - 35 = -3*s + 12, -5*s - f + 65 = 0. What is the tens digit of s?
1
Let b(m) be the third derivative of -m**4/6 - m**3 + 3*m**2. Let q be b(-5). Let s = q - 6. What is the units digit of s?
8
Let t be (0 - 88)/(12/42). What is the tens digit of t/(-8) + 2/4?
3
Let p(q) = -4*q**2 + 3*q**3 - 2 + 2*q**2 + 0*q + 0 - q. What is the tens digit of p(2)?
1
Suppose 386 + 110 = 4*d. What is the units digit of d?
4
Suppose 23 = -5*x - 17. Suppose 0 = -4*m + 4 + 4, 5*g = -2*m + 29. Let i = g - x. What is the units digit of i?
3
Let v(q) = -q**2 - 8*q - 8. Suppose -y + 4*u = 10, -5*y - 29 = -3*u + 4*u. Let h be v(y). Suppose -2*o - 2 = -h. What is the units digit of o?
1
Let k(a) = -a + 5. Let j be k(4). What is the units digit of -2 + 6/3 + j?
1
Let z(f) = f + 12. Let v be z(-8). Suppose 2*i - c + 40 = -0*c, 0 = -v*i - 4*c - 104. Let d = -16 - i. What is the units digit of d?
6
Let b = -6 + 10. Suppose -2*u - 3*k + b + 6 = 0, 4*u - 5*k = 20. What is the units digit of u?
5
Let j = -27 - -15. Let g(p) = -p - 6. What is the units digit of g(j)?
6
Let x(l) = l + 1. Let w be x(1). Let p be 19/4 - w/(-8). What is the units digit of 1 + -1 - (-5)/p?
1
What is the tens digit of (-1)/4 - 7/8*-70?
6
Let z(g) = -8*g**2 + 2*g - 1. Let m be z(2). Let i = m - -50. Suppose 3*u + 3*y - i = 0, -y - 9 = -2*u + 17. What is the tens digit of u?
1
What is the units digit of (-11)/2*(0 + -4)?
2
Let c be ((-2)/4)/((-1)/(-26)). Suppose 3*i = -23 - 31. Let f = c - i. What is the units digit of f?
5
Let n be 1/((-1 - 1)/(-10)). Suppose 2*o + n*a = 21, -2 = -4*a + 2. Suppose 3*f - o*f = -20. What is the units digit of f?
4
Suppose -4 = -2*o - 2*m, 0 = -3*m - 5 - 1. Suppose -5*b + 4*d + 143 = -26, b = o*d + 21. Suppose -5*j = -142 + b. What is the tens digit of j?
2
Suppose -5*h - 2*c = -5 - 134, 2*c - 4 = 0. Let f = h + -18. Let n = f + 0. What is the units digit of n?
9
Suppose -x + 3*x - 8 = 2*o, -2*x = 3*o - 8. Let i = 5 - o. Suppose 11 = i*p - 19. What is the units digit of p?
6
Let b = -10 + 7. Let x be (-14)/b*(-72)/(-28). Suppose 0*n - x = n + 5*i, -4*n = i - 28. What is the units digit of n?
8
Let t(n) = 4*n**2 + 2*n + 4. What is the units digit of t(-1)?
6
Suppose -4*r + 239 = 3*t, -2*t = 5*r - 0*t - 304. Suppose 5*q + 0*s - r = -s, -3*q = -3*s - 48. What is the units digit of q?
3
Let b(u) = -314*u + 5. What is the hundreds digit of b(-1)?
3
Let z = 8 - 6. What is the units digit of 6*z/4 + 10?
3
Let c(v) = -v**3 - 6*v**2 - 5*v - 6. Let p be c(-5). Let y(g) be the first derivative of -g**3/3 - 7*g**2/2 - 4*g + 10. What is the units digit of y(p)?
2
Let o(g) = -86*g + 7. What is the tens digit of o(-2)?
7
Let s be 22/(-55) - 134/(-10). Let w = s + 19. What is the units digit of w?
2
Let o(p) = 155*p + 2. What is the hundreds digit of o(1)?
1
Suppose -2*f + 10 = 4*b, 3*b - 4*f + 2*f = 11. Suppose -b*y + 22 = -y. What is the tens digit of y?
1
Let b(p) = 8*p**2 + 4*p + 4. L